n) = n + 4. Let u be k(z). Calculate y(u).
14
Let z(r) = r**3 - 3*r**2 + 2*r + 2. Let q(x) = 3*x**2 + 2*x + 1. Let t be q(2). Let b = t - 15. Give z(b).
2
Let f be 3/(-4)*-4 - 9. Let x be (8/f)/((-6)/(-18)). Let u(h) = h**2 + 4*h + 6. What is u(x)?
6
Let k(b) = 5*b - 3*b - 1 + 2. Suppose 2*r = 63 + 3. Suppose 2*g + r = 5*p, p = 3*g - 4*p + 37. What is k(g)?
-7
Let c = 1 + -1. Let k(z) = -2 - z + 1 + c*z. Let q(t) = t**2 - 5*t + 2. Let v be q(5). Give k(v).
-3
Let s(p) = 15*p + 21. Let x(a) = -7*a - 10. Let k(f) = 6*s(f) + 13*x(f). Let j be (-2)/(-13) - (-4)/(-26). Calculate k(j).
-4
Let b(z) be the first derivative of z**5/60 + z**4/24 - z**3/3 + 2. Let w(s) be the third derivative of b(s). Suppose 4*a - 1 = 3. Determine w(a).
3
Let z(s) = -s**3 - 5*s**2 - 2*s - 3. Let h be 11/22 - (-1)/2. Let m(f) = -f**3 - f**2 - 1. Let p(u) = h*z(u) - 2*m(u). Calculate p(3).
-7
Suppose -5*b = -4*t - b, 0 = 3*b. Let q(s) = 11*s**2 + 11*s - 26. Let h(k) = 4*k**2 + 4*k - 9. Let w(m) = 8*h(m) - 3*q(m). Determine w(t).
6
Let z(m) be the second derivative of m**4/12 - 7*m**3/6 + 9*m**2/2 + 31*m. Determine z(6).
3
Let x(p) = -6*p - 2. Let h(z) = 13*z + 5. Let w(c) = -3*h(c) - 7*x(c). Let s = 178 - 179. Calculate w(s).
-4
Let r(s) = s + 2. Let g(u) = 5*u**2 + 3*u + 2. Let q be g(-1). What is r(q)?
6
Suppose 2*t = t - 2, 4*r - 4*t - 24 = 0. Let q(d) = -4 + 6*d**2 - 2*d**2 + 1 - d**3. Determine q(r).
-3
Let v(d) = d**2 + 4*d + 4. Let j(q) = -q**3 - 7*q**2 - 6*q - 4. Let k be j(-6). Calculate v(k).
4
Let p = 10 - 5. Suppose -p*i - 2*w = -6*w + 6, -20 = -5*w. Let k(o) be the third derivative of -o**6/60 + o**5/20 - o**3/3 - o**2. Calculate k(i).
-6
Suppose 0 = 3*a - 13 - 26. Let q = -12 + -6. Let l = a + q. Let s(o) = 2*o + 6. What is s(l)?
-4
Let z be 1/3 + (-96)/(-36). Suppose z*a + 30 = -2*a. Let c(t) = -2*t - 5. What is c(a)?
7
Let c = 19 - 23. Let v(z) be the second derivative of z**3/6 + z**2/2 - z. Determine v(c).
-3
Let n(c) = -6*c**3 + 2*c**2 + c - 1. Let g be n(-1). Let u(t) = -t**3 + 6*t**2 + 2*t - 7. Give u(g).
5
Let z(h) = 4*h - 12. Let i(f) = 5*f - 11. Let q(y) = 3*i(y) - 4*z(y). What is q(7)?
8
Let j(c) = -c - 10. Let b(o) = -2*o - 18. Let l(w) = 3*w + 27. Let y(s) = -7*b(s) - 5*l(s). Let f(k) = 6*j(k) - 7*y(k). Let d be (2 + 1)*8/(-6). Give f(d).
-1
Let d(g) = g - 7. Let f = 20 + -15. Let w = 12 - f. What is d(w)?
0
Suppose 2*m = 5*w - 0*w + 11, 0 = 2*m - 3*w - 21. Suppose -5*s - 14 = n + 2*n, n - 4*s - m = 0. Let i(o) = -o**3 + 2*o**2 - 2*o + 2. Determine i(n).
-2
Let h(t) be the third derivative of 11*t**4/24 + t**3/6 - 77*t**2. Let w(q) = -3 - q + 0 - 4. Let j be w(-6). Determine h(j).
-10
Let d(i) = -2*i**2 - 2*i - 3. Let c(j) = j**2 + j + 2. Let t(k) = 5*c(k) + 3*d(k). Let g be 39/(-15) - 2/5. Determine t(g).
-5
Let j(t) be the first derivative of t**2/2 - 6*t - 15. What is j(5)?
-1
Suppose -p = p + 5*d - 1, 0 = -4*p - 4*d - 4. Let s be (3 - 3) + (-8)/p. Let n be 5*(-2)/s*2. Let v(q) = -q**2 - 5*q - 4. What is v(n)?
-4
Let g(j) = 2*j**2 - 5*j - j**3 - 5 + 14*j - 7*j - 4*j**2. Give g(-4).
19
Let u(t) = t**2 + 6*t + 1. Let o = -9 - -4. What is u(o)?
-4
Suppose 2*s = t - 1, -4*s + 7 = 3*t + 14. Let o be -2*((-15)/6 - t). Let n(a) = a**3 - 4*a**2 + 2*a - 1. Calculate n(o).
-4
Let v(b) = -b**2 - 4*b - 4. Let i be v(-3). Let x(s) = -s**3 + 11*s**2 - 11*s - 3. Let m(h) = 4*h**2 - 4*h - 1. Let j(l) = 11*m(l) - 4*x(l). Calculate j(i).
-3
Suppose 8 = -2*a - s - 3*s, 4*a - 6 = 3*s. Let z(y) be the second derivative of -1/20*y**5 + 3/2*y**2 + 1/2*y**4 + a - y**3 + 2*y. Calculate z(5).
-2
Let z(p) = -1 + 2 - 3*p - 2 + p**2. Let o(j) = j**2 - 4*j + 2. Let r be o(4). Let x = r - 0. Determine z(x).
-3
Let d(f) be the second derivative of -f**3 - f**2/2 + 2*f. Let l(w) = 7*w + 1. Let x(j) = -6*d(j) - 5*l(j). Suppose 4*m = -6 - 6. Determine x(m).
-2
Let u be (2 + 12/(-8))/1. Let v(c) be the first derivative of -u*c**2 - 2 - 3*c. Give v(-5).
2
Let m(j) = j - 1. Let c(d) = -d**2 - d. Let o(a) = 4*c(a) + m(a). What is o(-2)?
-11
Let u(j) = 2*j. Let q(c) = 5*c - 1. Let l(k) = 14*k. Let t(m) = -9*m. Let f(h) = -5*l(h) - 8*t(h). Let o be f(-2). Let v(n) = o*q(n) + 9*u(n). Determine v(3).
-2
Suppose 4*c - p - 1 + 5 = 0, 12 = 3*p. Let k be 2 + c - 1*-1. Let f(g) = -g**3 + g**2 + g + 4. What is f(k)?
-11
Let f(v) = v + 2. Suppose -3*z - 5*k - 28 = 0, -5*z + 4*k - 84 = 3*k. Let b = z + 10. Give f(b).
-4
Let n(m) be the first derivative of m**5/60 + m**4/24 + 3*m**2 + 5. Let x(p) be the second derivative of n(p). Give x(-2).
2
Let x(c) = -c**2 + 3*c + 4. Let f(s) = -s**2 + 8*s + 10. Let o be f(10). Let d = o + 14. Give x(d).
0
Let g(z) = -z**3 + 4*z**2 + 6*z - 1. Let f(y) = y**3 - 5*y**2 - 6*y + 4. Let c be f(6). Determine g(c).
23
Suppose 3*i + 4*t = 27, 2*i - 2*t - 19 = -3*i. Let r(l) = -2*l + 3. Give r(i).
-7
Let b(c) = -c**2 - 3*c + 3. Suppose 0*a = 2*j + 3*a + 3, 2*a = 5*j - 2. Let k = 2 + j. Calculate b(k).
-7
Let c(b) = 14*b**3 - 15*b**2 + 8*b + 17. Let f(g) = 5*g**3 - 5*g**2 + 3*g + 6. Let r = 9 + -5. Let o(y) = r*c(y) - 11*f(y). Determine o(5).
-3
Let l(b) = -b**3 + 3*b**2 + 2*b + 1. Let j be (-12)/(-24)*(-12)/(-2). Calculate l(j).
7
Let k = -63 + 63. Let x(b) = -b**2 + b - 13. Calculate x(k).
-13
Let t(g) = g - 3. Let f = 11 + -4. Let j(k) = f*k - 2*k - 2*k**2 - 3 - k. Let p be j(2). Calculate t(p).
-6
Let d(t) = -t**3 + 17*t**2 - 3. Let o be d(17). Let k(h) = -h**2 + 7*h - 4. Let m be k(6). Let n(r) = 4*r - r + 3*r**2 - m*r + r**3 - 2. Calculate n(o).
-5
Let m(o) be the first derivative of -3*o - 4 - 1/2*o**2. Give m(-5).
2
Let g(t) = -7*t - 2. Let u(n) = 11*n + 3. Let i(f) = -8*g(f) - 5*u(f). Let a(d) = d**3 + 11*d**2 + 11*d + 12. Let h be a(-10). Let y = 1 + h. Calculate i(y).
4
Suppose 6*r - 32 = -8. Let x(o) be the second derivative of 0 - 5/6*o**r - 1/3*o**3 - 2*o + 1/2*o**2. What is x(1)?
-11
Let k(m) = m**3 - 14*m**2 + 12*m + 16. Let b be k(13). Let i(c) be the first derivative of -2 + 4*c - 1/3*c**b - 2*c**2. Give i(-4).
4
Let j(t) be the first derivative of -t**4/8 - t**3/2 - t**2 - 2. Let c(b) be the second derivative of j(b). Let w be 4*(-3)/12*2. What is c(w)?
3
Let b = 14 + -14. Suppose -2*a + 4 - 12 = b. Let l(v) = -v**3 - 4*v**2 - 3. Calculate l(a).
-3
Let x(w) be the third derivative of w**4/24 + 2*w**3/3 - 7*w**2. Give x(-6).
-2
Let i(o) = o**3 - 12*o**2 + 5*o + 13. Let f(w) = w**2 - 1. Let h(x) = 5*f(x) + i(x). Let y be h(6). Let c = 1 + y. Let a(z) = -z**2 + 5*z - 2. Give a(c).
4
Let q(a) be the first derivative of a**4/4 + 8*a**3/3 + 7*a**2/2 - 7*a - 1. Determine q(-7).
-7
Let x(f) = f**2 - 5*f - 1. Suppose 4*j + 28 = -2*i, -35 = 5*j - 2*i + 4*i. Let v(z) = -z**2 + 6*z + 1. Let d(o) = j*x(o) - 6*v(o). Determine d(-2).
-1
Let h(v) = 6. Let l(d) = d - 12. Let a(t) = -13*h(t) - 6*l(t). Calculate a(-4).
18
Let b = 33/2 - 16. Let s(x) be the second derivative of -b*x**2 + 2/3*x**3 - x + 0. What is s(2)?
7
Let k(z) = -3 + 5*z**3 - 4*z**2 + 6*z - 3*z**3 - 3*z**3. Calculate k(-5).
-8
Let u(q) = q**2 - 4*q + 3. Let j be u(3). Let l = 3 + j. Let v(y) = 4 - l*y + 0*y + y. Calculate v(5).
-6
Let m(b) = b - 4. Let v(x) = -4*x + 17. Let g(j) = -9*m(j) - 2*v(j). Let n = 61 - 56. What is g(n)?
-3
Let v(q) = q**2 + 7*q - 4. Let l be (-16)/(-10)*25/(-5). Determine v(l).
4
Let r(q) = q**3 + 3*q**2 - 4*q + 4. Let d = 8 - 5. Suppose -d*y + 76 = 2*y - 4*x, 2*y - 3*x - 29 = 0. Suppose -5*m - y = -m. Determine r(m).
4
Let b(q) = q**3 - 4*q**2 + q + 2. Let m be b(3). Let i = -5 - m. Let u(r) = -2 + 2 - 1 + 2 + r. What is u(i)?
0
Let k(v) = 0 + v + 1 - 5. Suppose -3*h - 3 = 0, -a - 3*h = -2 + 1. Suppose -3*x + a*l = -25, 0 = -5*x - 3*l + 3. Give k(x).
-1
Suppose 2*x - 7 = -3. Let l(c) = -x*c - 57 + 58 + c. Determine l(-1).
2
Let a be 4/(-14) - (-27)/21. Let w(v) = 4*v + 2*v - 2*v**2 - 5*v + 9*v**3. Give w(a).
8
Let d = 0 - 1. Let t(w) be the first derivative of -w**3/3 - w**2/2 - 23. Determine t(d).
0
Let y(j) = j**2 - 3. Let z be (11 - 3)*(2 - 1). Suppose v - 4 = -l, v + z = 2*v + 2*l. Give y(v).
-3
Let n(l) be the first derivative of -l**3/3 - 5*l**2/2 - 2*l - 1. Let f = 52 - 55. Give n(f).
4
Let s(x) be the first derivative of x**4/4 + x**3 - 3*x**2/2 + 2*x + 1. Suppose 10 = -4*c + 3*c + 2*z, z = 2*c + 11. Determine s(c).
-2
Let g = 5 + 0. Let y(c) = 3*c - 3 + 0*c